he remainder when p is divided by t.
11
Suppose -289*u + 301*u - 408 = 0. What is the remainder when 76 is divided by u?
8
Let m(f) = f**3 + 11*f**2 + f + 28. Calculate the remainder when 133 is divided by m(-11).
14
Let c(s) = -7*s - 4. Suppose 5*w = 10 - 0, -5*g + 31 = 3*w. Let j be c(g). What is the remainder when 77 is divided by (-3 + 5)/((-3)/j)?
25
Let l(m) = 2*m**2 - 5*m + 2. Let j be 12/8*(-8)/(-4). Suppose j*t + 4*b - 123 = 3*b, -205 = -5*t + 4*b. What is the remainder when t is divided by l(4)?
13
Let o = -96 - -98. Suppose 3*i + 5*p = 51, o*i + 7*p = 4*p + 33. Calculate the remainder when i is divided by 5.
2
Let w = -35683 + 35695. Suppose 3 = 4*j - 5. Suppose 3*z - 35 = j*z. What is the remainder when z is divided by w?
11
Let y(d) = -d**3 - 32*d**2 - 62*d - 43. What is the remainder when 118 is divided by y(-30)?
16
What is the remainder when 345 is divided by 28/77 - (-128)/11?
9
Let r = 152 + -150. What is the remainder when 104/28 + 2/7 is divided by r?
0
Suppose -v + 3*i + 2*i - 19 = 0, i + 1 = v. Let h = -12 + 43. Calculate the remainder when h is divided by v + (-2 + 5 - 1).
7
Let o(u) = -u**2 + 20*u + 180. What is the remainder when o(12) is divided by 35?
31
Let k be (-2)/6 - (-2)/6. Suppose n - 3 + k = 0. Suppose 3*u - 43 = -4*q, 0 = -8*q + 4*q + 4*u + 36. Calculate the remainder when q is divided by n.
1
Let h(j) = -8*j - 121. Calculate the remainder when h(-18) is divided by 6.
5
Suppose 3*z + 3*l = -6, -3*z - l - 1 = -3. Suppose -z*h - 180 = -7*h. Suppose -t + 41 = -2*q, t - h = 2*q - q. What is the remainder when t is divided by 17?
14
Suppose 7 + 2 = 3*c. Suppose -5*h - 16 = -3*g, 4*g + 3 = -c*h + 5. Calculate the remainder when 12 is divided by -1*1*(-10)/g.
2
Suppose 0 = -2*b - 6, -2*q + q = -4*b - 37. What is the remainder when 124 is divided by q?
24
Suppose -3*r - 4*r + 266 = 0. Suppose -2*g = -s + 144, -9*s + 5*s + 4*g = -588. Calculate the remainder when s is divided by r.
36
Suppose -7 = -2*c - 3. Suppose 3*a + 188 = -4*w, -w + c*a - 42 = 4*a. Let r = w - -71. Calculate the remainder when r is divided by 11.
10
Suppose -2*o + 1 = 2*o - 3*q, -2 = -5*o + 3*q. Let t be (-1)/(o/3) + 2. What is the remainder when (t/(-3))/((-10)/(-2790)) is divided by 24?
21
Let n(v) = v**3 + 9*v**2 + 2. Let h be n(-9). Suppose -19 = j - h*u + 6*u, 0 = -5*j + 4*u + 25. What is the remainder when 3 is divided by j?
0
Suppose 0*x = -5*x. Let q be (2 - x)/(18/405). Suppose -q = -5*p + 3*c - 0*c, -2*p = 2*c - 18. What is the remainder when 23 is divided by p?
5
Calculate the remainder when 313 is divided by 36/10*(29/2 - -3).
61
Let m(v) = 15*v**2 + 3*v - 1. Calculate the remainder when m(-9) is divided by 12.
11
Let b = 85 - 100. Calculate the remainder when (384/(-20) - -3)*b is divided by 41.
38
Suppose -3*z - z = -5*x - 69, -18 = -z + x. Calculate the remainder when 163 is divided by z.
16
Let q = 1178 - 1155. Calculate the remainder when 318 is divided by q.
19
Suppose 24 + 85 = 2*w + 3*a, -3*a = -9. Calculate the remainder when 184 is divided by w.
34
Let m(s) = -3*s + 13. What is the remainder when 197 is divided by m(-3)?
21
Let c(f) = -4*f - 39. What is the remainder when 85 is divided by c(-12)?
4
Suppose 4*i = x + 12, -7*i + 4*x + 9 = -4*i. Suppose -2*h + 45 = i*h. Calculate the remainder when h is divided by 6.
3
Suppose 0 = 3*b - 188 + 155. Calculate the remainder when 12 is divided by b.
1
Suppose o - 5*w + 1 = 0, -2*o - 2*w + 13 + 9 = 0. What is the remainder when o is divided by 44/10 + (-8)/20?
1
Suppose -168 - 147 = -35*g. Let s = 53 - 38. Let v = s + -11. Calculate the remainder when g is divided by v.
1
Let p(v) = -v**3 - 8*v**2 - 6*v - 10. Let i be (16/6)/((-4)/12). What is the remainder when 73 is divided by p(i)?
35
Suppose -19*a = 28*a - 1645. What is the remainder when a is divided by 14?
7
Suppose -31 + 16 = -3*f, 5*w + 3*f = 180. What is the remainder when w is divided by 5?
3
Let f(j) = 2*j**2 - 5*j + 6. Let q = -11 + 33. Suppose -6 = 3*l, 2*r + 5*l = 38 + q. Calculate the remainder when r is divided by f(4).
17
Let k = -5 + 19. Let j = 14 - k. Suppose j = i - 4*i + 42. What is the remainder when i is divided by 4?
2
Let l = 709 + -594. What is the remainder when l is divided by 47?
21
Let q = -142 - -678. Calculate the remainder when q is divided by 137.
125
Suppose -5*y = 3*g - 239 + 88, -5*g = 2*y - 49. Calculate the remainder when 66 is divided by y.
2
Suppose -2*r - 6*a + 2*a = -1430, -3635 = -5*r + 2*a. What is the remainder when r is divided by 14?
11
Let s = 298 + -224. Suppose 0 = g + b - 20, 5*g + 4*b - 5*b - 130 = 0. What is the remainder when s is divided by g?
24
Let j = -11 - -13. Let u be (1 + j)*(-8)/(-6). What is the remainder when 5 is divided by (1 - u - 0)/(-1)?
2
Calculate the remainder when (-24)/9*(-219)/4 is divided by 748/22 - (-2 + -2).
32
Let s(m) = -m**3 - 13*m**2 + 8*m - 65. What is the remainder when 36 is divided by s(-14)?
17
Let c = 244 + -223. What is the remainder when 209 is divided by c?
20
What is the remainder when 4 + 0/(4/(-4)) is divided by 1?
0
Suppose -3*u = -2*d - u + 16, -5 = u. Let s(w) be the third derivative of 7*w**4/24 - w**3/6 - 9*w**2 - 2. Calculate the remainder when 58 is divided by s(d).
18
Suppose 4*y - 5*n - 60 + 2 = 0, -70 = -4*y - n. Let o(t) = 2*t**2 - t + 5. What is the remainder when o(4) is divided by y?
16
Let p be (-3 + (-2)/(-1))*-5. Suppose p*y - 5 = 65. Suppose 5*f = 5*c - 35, 4*f + 12 = 27*c - 25*c. Calculate the remainder when y is divided by c.
6
Let z be 1 + -9*(-2)/6. Suppose x = z*x - 12, x = 2*c - 8. What is the remainder when 34 is divided by c?
4
Suppose -10 = -0*q - 2*q. Suppose p + 12 = q*p. Suppose 0 = p*z - 0*g - 3*g - 207, -3*z + 4*g + 211 = 0. Calculate the remainder when z is divided by 22.
21
Suppose 3*s = 4*p - 10, -4*s + 3*s - 2*p + 10 = 0. Calculate the remainder when 8 is divided by s.
0
Let m = -595 + 789. Calculate the remainder when m is divided by 28.
26
Suppose 5976 = 253*f - 241*f. Calculate the remainder when f is divided by 10.
8
Suppose 0 = -2*v + n - 3*n + 16, -3*n - 67 = -4*v. What is the remainder when 518 is divided by v?
11
Let s(w) = -104*w + 2498. Suppose -20 = 3*h - 8*h + 5*m, -h - m = -8. What is the remainder when h is divided by s(24)?
0
Let g = 63 - 52. Let h(k) = k**2 - 1. Suppose -4*m - 4*u = 28, 10 = 2*m - 4*u - 6. What is the remainder when g is divided by h(m)?
2
Suppose -z = -3*z. Suppose z = t + 1, n - 42 = -2*n - 3*t. Suppose -o + 22 + 5 = 0. What is the remainder when o is divided by n?
12
Let c = 24 + -15. Calculate the remainder when (768/(-27))/(-2) - 2/c is divided by 5.
4
What is the remainder when 34 is divided by (-3045)/(-165) + 6/11?
15
Let t(x) = -10*x + 2. Let r be t(-2). Let i(h) = -h**2 + 21*h + 42. Calculate the remainder when 50 is divided by i(r).
10
Let i be 14*(-3 - -1)/4. Suppose 2*w = -0*w - 2*x + 14, 5*w = 4*x + 17. What is the remainder when (72/42)/((-1)/i) is divided by w?
2
Let c = 286 - -582. Suppose -11*f + c = 3*f. Suppose -52 = -s - 3*s. Calculate the remainder when f is divided by s.
10
Let j be 72 + 1 + -2 + 1. Let p = -47 + 93. What is the remainder when p is divided by j/(-4)*(-2 - (-16)/12)?
10
What is the remainder when -20*(-75)/60*26/5 is divided by 20?
10
What is the remainder when 7/(14/428) + (1 - 1) is divided by 43?
42
Let k be (-41)/(-1)*-2*3/(-6). Let j = k + -15. Calculate the remainder when j is divided by 7.
5
What is the remainder when (-117)/(-234) + (-754)/(-4) is divided by 75?
39
Suppose -21*j + 15*j = -132. What is the remainder when j is divided by 7?
1
Suppose -2*f = -2*y - 26, -4*f + f = 3*y + 9. Let g(w) = w**3 + 10*w**2 + 11*w + 11. Calculate the remainder when g(y) is divided by 13.
12
Let k(c) = c**2 - 6*c - 257. Calculate the remainder when k(25) is divided by 21.
8
Suppose 2*u - 2*x = -2, 3*u + 6 = 2*x + 2*x. Let q = u + -17. What is the remainder when 1 + -5 - (q - 12) is divided by 6?
5
Suppose -5*a - z + 5*z = -79, -5*z - 75 = -5*a. What is the remainder when a is divided by 4?
3
Let g(y) = y**3 + 10*y**2 - y - 3. Let d = -28 - -18. Calculate the remainder when 18 is divided by g(d).
4
What is the remainder when 124 is divided by (-4032)/240*(1 - 14/4)?
40
Let o(g) = -g**3 - 2*g**3 + 6*g**2 + 4*g**3 + 7*g + 5. Suppose 